{"id":98,"date":"2023-02-15T16:10:31","date_gmt":"2023-02-15T15:10:31","guid":{"rendered":"http:\/\/minispousses.fr\/?page_id=98"},"modified":"2026-03-24T16:57:37","modified_gmt":"2026-03-24T15:57:37","slug":"photos","status":"publish","type":"page","link":"https:\/\/minispousses.fr\/index.php\/photos\/","title":{"rendered":"Tarifs"},"content":{"rendered":"\n<p class=\"has-text-align-center\"><strong>Pour l&rsquo;accueil de votre enfant, nous proposons des forfaits de 1 \u00e0 5 jours par semaine ou \u00e0 la demi-journ\u00e9e.<\/strong><\/p>\n\n\n\n<p>Il est possible de r\u00e9server <strong>un forfait \u00e0 l&rsquo;ann\u00e9e (accueil r\u00e9gulier)<\/strong> ou bien de b\u00e9n\u00e9ficier d&rsquo;<strong>un accueil occasionnel, d&rsquo;une place ponctuelle en urgence, en fonction des places restantes disponibles.<\/strong><\/p>\n\n\n\n<p><strong>Des frais d&rsquo;inscription annuels de 60\u20ac par enfant sont demand\u00e9s. Ils couvrent l\u2019adh\u00e9sion aux projets de la structure ainsi que les frais de traitement du dossier administratif.<\/strong><\/p>\n\n\n\n<figure class=\"wp-block-gallery aligncenter has-nested-images columns-default is-cropped wp-block-gallery-1 is-layout-flex wp-block-gallery-is-layout-flex\">\n<figure class=\"wp-block-image size-full is-resized is-style-default\"><img loading=\"lazy\" decoding=\"async\" width=\"1190\" height=\"1683\" data-id=\"529\" src=\"https:\/\/minispousses.fr\/wp-content\/uploads\/2026\/03\/Grille-Tarifaire-Site-Aout26-1.jpg\" alt=\"\" class=\"wp-image-529\" srcset=\"https:\/\/minispousses.fr\/wp-content\/uploads\/2026\/03\/Grille-Tarifaire-Site-Aout26-1.jpg 1190w, https:\/\/minispousses.fr\/wp-content\/uploads\/2026\/03\/Grille-Tarifaire-Site-Aout26-1-212x300.jpg 212w, https:\/\/minispousses.fr\/wp-content\/uploads\/2026\/03\/Grille-Tarifaire-Site-Aout26-1-724x1024.jpg 724w, https:\/\/minispousses.fr\/wp-content\/uploads\/2026\/03\/Grille-Tarifaire-Site-Aout26-1-768x1086.jpg 768w, https:\/\/minispousses.fr\/wp-content\/uploads\/2026\/03\/Grille-Tarifaire-Site-Aout26-1-1086x1536.jpg 1086w\" sizes=\"auto, (max-width: 1190px) 100vw, 1190px\" \/><\/figure>\n<\/figure>\n\n\n<p>\u25cf <strong>Condition de la CMG :<\/strong> Le montant que vous verse la Caisse d&rsquo;Allocation Familiale (CAF) varie en fonction de vos ressources, du nombre d\u2019enfants et de leur \u00e2ge. Un minimum de 15% de la d\u00e9pense restera \u00e0 votre charge.<\/p>\n<p>\u25cf <strong>Cr\u00e9dit d\u2019imp\u00f4t \u00e9gal \u00e0 50%<\/strong> des d\u00e9penses pay\u00e9es pour la garde (hors frais de nourriture et d\u00e9duction faite des aides familiales re\u00e7ues au titre de la garde de l&rsquo;enfant) est appliqu\u00e9 pour les d\u00e9penses que vous engagez pour la garde de vos enfants \u00e2g\u00e9s de moins de 6 ans au 1er janvier de l&rsquo;ann\u00e9e des revenus.<\/p>\n\n\n<p><\/p>\n\n\n\n<p><\/p>\n\n\n\n<p class=\"has-text-align-center\"><strong>Pour les accueils r\u00e9guliers, le co\u00fbt est mensualis\u00e9 sur 12 mois selon la formule de calcul : <\/strong><\/p>\n\n\n\n<p class=\"has-text-align-center\">(taux horaire brut X Nombre d&rsquo;heures par semaine (selon forfait) X 45 semaines )\/12<\/p>\n\n\n\n<div class=\"wp-block-group alignwide\"><div class=\"wp-block-group__inner-container is-layout-constrained wp-block-group-is-layout-constrained\">\n<p>De plus, il est possible de b\u00e9n\u00e9ficier d&rsquo;une d\u00e9duction de 50% des frais de garde (hors aides) selon les modalit\u00e9s fiscales fix\u00e9es par l&rsquo;\u00e9tat (voir paragraphe \u00ab\u00a0Cr\u00e9dit Imp\u00f4t\u00a0\u00bb<\/p>\n<\/div><\/div>\n\n\n\n<h2 class=\"wp-block-heading\"><strong><u>Compl\u00e9ment libre choix du Mode de Garde (CMG)&nbsp;:<\/u><\/strong><\/h2>\n\n\n\n<p>Les familles qui ont recours \u00e0 une micro-cr\u00e8che comme mode de garde peuvent b\u00e9n\u00e9ficier du CMG. Cette aide de la CAF\/MSA permet de diminuer de fa\u00e7on cons\u00e9quente la charge port\u00e9e par les familles. Le montant de l\u2019aide vers\u00e9e d\u00e9pend d\u2019un certain nombre de crit\u00e8res qu\u2019il est n\u00e9cessaire de valider directement avec un conseiller CAF\/MSA. <\/p>\n\n\n\n<p><strong>D\u00e8s l&rsquo;inscription, les familles doivent faire une demande de prise en charge aupr\u00e8s de la CAF\/MSA afin que les droits d\u00e9butent d\u00e8s le premier jour d&rsquo;accueil.<\/strong><\/p>\n\n\n\n<p>+ <strong>Pour faire une simulation personnalis\u00e9e de vos droits \u00e0 la PAJE-CMG : <\/strong><a href=\"https:\/\/www.mesdroitssociaux.gouv.fr\/votre-simulateur\/aide-garde-enfant\/cmg\"><strong>Cliquez Ici<\/strong><\/a><\/p>\n\n\n\n<p>+ <strong>Puis pour faire votre demande de prise en charge, vous pouvez aller sur le site de la CAF et compl\u00e9ter le formulaire propos\u00e9 : <a href=\"https:\/\/wwwd.caf.fr\/wps\/portal\/caffr\/aidesetservices\/lesservicesenligne\/estimervosdroits\/lapaje\/!ut\/p\/a1\/lZBRb4IwFIV_i7_gXqyw8qh00EqGGHSzfSHdAqaTloWZJfv3K_FJEzG7bzffueecXFBwAOX0jznqs-md7sZdRXW5CTKeV5jh85yi4FgSzl8J0tALZFTjnVkiTF-vQR27_t0HvYG61rKSoYhxncdxGGR5cMNpmqSeh4wVW-GjyAOOFz7RtOC9bUCCfLrbeDGHvesH6_tWo1872FPidLv8GN8FcmiMM2ejO_PdDDdWlBFEQcpVkhYbRBr900pNen3Zw28lPhfS1i-79jT7A-Q2mG8!\/dl5\/d5\/L2dBISEvZ0FBIS9nQSEh\/pw\/Z7_PO1GHKS0G8D300I3PBCFNO0086\/ren\/p=actionFormCnaf=fr.caf.portlet.PortletSimulationPajeviewQCPAccueil.do\/p=frmkCnafAction=reinitialiser\/p=Accueil=Accueil\/=\/\" target=\"_blank\" rel=\"noreferrer noopener\">Cliquez ici<\/a><\/strong><\/p>\n\n\n\n<p>+ <strong>Pour les informations aupr\u00e8s de la MSA, <a rel=\"noreferrer noopener\" href=\"https:\/\/www.msa.fr\/lfy\/web\/msa\/famille\/paje-libre-choix-mode-garde\" target=\"_blank\">Cliquez ici<\/a><\/strong><\/p>\n\n\n\n<p>La participation financi\u00e8re des familles est calcul\u00e9e en fonction du nombre jours et d\u2019heures de pr\u00e9sence des enfants en fonction des bar\u00e8mes de revenus des familles. Voir tableau ci-dessous :<\/p>\n\n\n\n<p class=\"has-text-align-center\">(<a href=\"https:\/\/www.caf.fr\/allocataires\/aides-et-demarches\/droits-et-prestations\/vie-personnelle\/le-complement-de-libre-choix-du-mode-de-garde-cmg\" data-type=\"URL\" data-id=\"https:\/\/www.caf.fr\/allocataires\/aides-et-demarches\/droits-et-prestations\/vie-personnelle\/le-complement-de-libre-choix-du-mode-de-garde-cmg\" target=\"_blank\" rel=\"noreferrer noopener\">Informations CAF : Compl\u00e9ment Mode de Garde (CMG)<\/a><\/p>\n\n\n\n<figure class=\"wp-block-image size-large\"><img loading=\"lazy\" decoding=\"async\" width=\"1024\" height=\"514\" src=\"https:\/\/minispousses.fr\/wp-content\/uploads\/2026\/03\/Plafond-Ressources-2024-CMGjusquaDec26-1024x514.jpg\" alt=\"\" class=\"wp-image-526\" srcset=\"https:\/\/minispousses.fr\/wp-content\/uploads\/2026\/03\/Plafond-Ressources-2024-CMGjusquaDec26-1024x514.jpg 1024w, https:\/\/minispousses.fr\/wp-content\/uploads\/2026\/03\/Plafond-Ressources-2024-CMGjusquaDec26-300x151.jpg 300w, https:\/\/minispousses.fr\/wp-content\/uploads\/2026\/03\/Plafond-Ressources-2024-CMGjusquaDec26-768x385.jpg 768w, https:\/\/minispousses.fr\/wp-content\/uploads\/2026\/03\/Plafond-Ressources-2024-CMGjusquaDec26.jpg 1200w\" sizes=\"auto, (max-width: 1024px) 100vw, 1024px\" \/><\/figure>\n\n\n\n<p class=\"has-text-align-center\"><strong>Montants mensuels maximum jusqu&rsquo;au 31 Ao\u00fbt 2026)<\/strong><\/p>\n\n\n\n<div class=\"wp-block-group\"><div class=\"wp-block-group__inner-container is-layout-flow wp-block-group-is-layout-flow\">\n<div class=\"wp-block-group\"><div class=\"wp-block-group__inner-container is-layout-flow wp-block-group-is-layout-flow\">\n<div class=\"wp-block-columns is-layout-flex wp-container-core-columns-is-layout-9d6595d7 wp-block-columns-is-layout-flex\">\n<div class=\"wp-block-column is-layout-flow wp-block-column-is-layout-flow\" style=\"flex-basis:100%\">\n<figure class=\"wp-block-gallery has-nested-images columns-default is-cropped wp-block-gallery-2 is-layout-flex wp-block-gallery-is-layout-flex\">\n<figure class=\"wp-block-image size-large\"><img loading=\"lazy\" decoding=\"async\" width=\"1024\" height=\"590\" data-id=\"491\" src=\"https:\/\/minispousses.fr\/wp-content\/uploads\/2025\/09\/PlafondCMGStructureAout26-1024x590.jpg\" alt=\"\" class=\"wp-image-491\" srcset=\"https:\/\/minispousses.fr\/wp-content\/uploads\/2025\/09\/PlafondCMGStructureAout26-1024x590.jpg 1024w, https:\/\/minispousses.fr\/wp-content\/uploads\/2025\/09\/PlafondCMGStructureAout26-300x173.jpg 300w, https:\/\/minispousses.fr\/wp-content\/uploads\/2025\/09\/PlafondCMGStructureAout26-768x443.jpg 768w, https:\/\/minispousses.fr\/wp-content\/uploads\/2025\/09\/PlafondCMGStructureAout26.jpg 1183w\" sizes=\"auto, (max-width: 1024px) 100vw, 1024px\" \/><\/figure>\n<\/figure>\n<\/div>\n<\/div>\n<\/div><\/div>\n<\/div><\/div>\n\n\n\n<p>Depuis le 1er janvier 2021 : <strong>Prolongation du droit au taux 0-3 ans au-del\u00e0 des 3 ans de l\u2019enfant&nbsp;:<\/strong>Le b\u00e9n\u00e9fice du Cmg au taux 0-3 ans est prolong\u00e9 jusqu\u2019au 31 ao\u00fbt suivant le 3\u00e8me anniversaire de l\u2019enfant pour tous les enfants ayant 3 ans entre le 1er janvier et le 31 ao\u00fbt d\u2019une l\u2019ann\u00e9e civile. Cette nouvelle mesure s\u2019applique aux enfants atteignant 3 ans \u00e0 compter du 1er Janvier 2020.<\/p>\n\n\n\n<h2 class=\"wp-block-heading\"><span style=\"text-decoration: underline;\"><strong>Cr\u00e9dit d\u2019imp\u00f4t <\/strong>: <\/span><\/h2>\n\n\n\n<p>Les familles peuvent \u00e9galement b\u00e9n\u00e9ficier d&rsquo;un cr\u00e9dit d&rsquo;imp\u00f4t de 50% des frais de garde dans la limite de 3500\u20ac en 2023 selon les modalit\u00e9s fiscales fix\u00e9es par l&rsquo;\u00e9tat. Pour plus de renseignements : <a rel=\"noreferrer noopener\" href=\"https:\/\/www.impots.gouv.fr\/portail\/particulier\/deductions-liees-la-famille\" target=\"_blank\">https:\/\/www.impots.gouv.fr\/portail\/particulier\/deductions-liees-la-famille<\/a><\/p>\n\n\n\n<p><\/p>\n\n\n\n<figure class=\"wp-block-pullquote\"><blockquote><p><strong>Pour conna\u00eetre plus pr\u00e9cis\u00e9ment les tarifs adapt\u00e9s \u00e0 votre situation, vous pouvez compl\u00e9ter et envoyer <a href=\"https:\/\/minispousses.fr\/wp-content\/uploads\/2024\/07\/Fiche-de-Pre-inscription.pdf\" data-type=\"URL\" target=\"_blank\" rel=\"noreferrer noopener\">le formulaire de pr\u00e9-inscription<\/a> par mail \u00e0 <a rel=\"noreferrer noopener\" href=\"mailto:contact@minispousses.fr\" target=\"_blank\">contact@minispousses.fr<\/a> en pr\u00e9cisant votre souhait d&rsquo;une \u00e9tude personnalis\u00e9e.<\/strong><\/p><\/blockquote><\/figure>\n\n\n\n<p><\/p>\n","protected":false},"excerpt":{"rendered":"<p>Pour l&rsquo;accueil de votre enfant, nous proposons des forfaits de 1 \u00e0 5 jours par semaine ou \u00e0 la demi-journ\u00e9e. Il est possible de r\u00e9server un forfait \u00e0 l&rsquo;ann\u00e9e (accueil r\u00e9gulier) ou bien de b\u00e9n\u00e9ficier d&rsquo;un accueil occasionnel, d&rsquo;une place ponctuelle en urgence, en fonction [&hellip;]<\/p>\n","protected":false},"author":1,"featured_media":269,"parent":0,"menu_order":0,"comment_status":"closed","ping_status":"closed","template":"","meta":{"footnotes":""},"class_list":["post-98","page","type-page","status-publish","has-post-thumbnail","hentry"],"_links":{"self":[{"href":"https:\/\/minispousses.fr\/index.php\/wp-json\/wp\/v2\/pages\/98","targetHints":{"allow":["GET"]}}],"collection":[{"href":"https:\/\/minispousses.fr\/index.php\/wp-json\/wp\/v2\/pages"}],"about":[{"href":"https:\/\/minispousses.fr\/index.php\/wp-json\/wp\/v2\/types\/page"}],"author":[{"embeddable":true,"href":"https:\/\/minispousses.fr\/index.php\/wp-json\/wp\/v2\/users\/1"}],"replies":[{"embeddable":true,"href":"https:\/\/minispousses.fr\/index.php\/wp-json\/wp\/v2\/comments?post=98"}],"version-history":[{"count":36,"href":"https:\/\/minispousses.fr\/index.php\/wp-json\/wp\/v2\/pages\/98\/revisions"}],"predecessor-version":[{"id":530,"href":"https:\/\/minispousses.fr\/index.php\/wp-json\/wp\/v2\/pages\/98\/revisions\/530"}],"wp:featuredmedia":[{"embeddable":true,"href":"https:\/\/minispousses.fr\/index.php\/wp-json\/wp\/v2\/media\/269"}],"wp:attachment":[{"href":"https:\/\/minispousses.fr\/index.php\/wp-json\/wp\/v2\/media?parent=98"}],"curies":[{"name":"wp","href":"https:\/\/api.w.org\/{rel}","templated":true}]}}