{"id":102,"date":"2024-01-29T16:30:33","date_gmt":"2024-01-29T15:30:33","guid":{"rendered":"http:\/\/minispousses.fr\/?page_id=102"},"modified":"2026-03-09T08:49:55","modified_gmt":"2026-03-09T07:49:55","slug":"pre-inscription","status":"publish","type":"page","link":"https:\/\/minispousses.fr\/index.php\/pre-inscription\/","title":{"rendered":"Pr\u00e9-inscription"},"content":{"rendered":"\n<ul class=\"wp-block-list\">\n<li><strong>Pour les demandes pour un accueil r\u00e9gulier : Les places d&rsquo;accueils sont actuellement toutes pourvues pour l&rsquo;ann\u00e9e scolaire 2025\/2026, la 2nd commission pour la rentr\u00e9e 2026\/2027 aura lieu le lundi 23 Mars 2026.<\/strong><\/li>\n<\/ul>\n\n\n\n<p><strong>Pour vous pr\u00e9-inscrire : Vous pouvez t\u00e9l\u00e9charger ci-dessous le formulaire de pr\u00e9-inscription, le compl\u00e9ter et le renvoyer par mail \u00e0 <a rel=\"noreferrer noopener\" href=\"mailto:contact@minispousses.fr\" target=\"_blank\">contact@minispousses.fr<\/a> . D\u00e8s r\u00e9ception du document complet votre demande d&rsquo;accueil sera inscrite sur liste d&rsquo;attente<\/strong>.<\/p>\n\n\n\n<p><\/p>\n\n\n\n<ul class=\"wp-block-list\">\n<li><strong>Pour les demandes pour un accueil occasionnel et\/ou urgence ponctuelle, <\/strong>vous pouvez nous contacter par mail : <a href=\"mailto:contact@minispousses.fr\" target=\"_blank\" rel=\"noreferrer noopener\">contact@minispousses.fr<\/a> ou par t\u00e9l\u00e9phone au <a href=\"tel:0782188760\" target=\"_blank\" rel=\"noreferrer noopener\">07 82 18 87 60<\/a> les <strong>vendredis de 9h \u00e0 17h.<\/strong><\/li>\n<\/ul>\n\n\n\n<div class=\"wp-block-group\"><div class=\"wp-block-group__inner-container is-layout-flow wp-block-group-is-layout-flow\">\n<div class=\"wp-block-columns is-layout-flex wp-container-core-columns-is-layout-9d6595d7 wp-block-columns-is-layout-flex\">\n<div class=\"wp-block-column is-layout-flow wp-block-column-is-layout-flow\" style=\"flex-basis:100%\">\n<div class=\"wp-block-group\"><div class=\"wp-block-group__inner-container is-layout-flow wp-block-group-is-layout-flow\">\n<div class=\"wp-block-buttons is-layout-flex wp-block-buttons-is-layout-flex\">\n<div class=\"wp-block-button\"><a class=\"wp-block-button__link wp-element-button\" href=\"https:\/\/minispousses.fr\/wp-content\/uploads\/2024\/07\/Fiche-de-Pre-inscription.pdf\" target=\"_blank\" rel=\"noreferrer noopener\">T\u00e9l\u00e9charger le formulaire de pr\u00e9-inscription<\/a><\/div>\n<\/div>\n<\/div><\/div>\n<\/div>\n<\/div>\n<\/div><\/div>\n\n\n\n<figure class=\"wp-block-image size-large\"><img loading=\"lazy\" decoding=\"async\" width=\"1024\" height=\"576\" src=\"https:\/\/minispousses.fr\/wp-content\/uploads\/2021\/05\/paper-3033204_1280-1024x576.jpg\" alt=\"micro creche des minis pousses montamis\u00e9 86360\" class=\"wp-image-275\" srcset=\"https:\/\/minispousses.fr\/wp-content\/uploads\/2021\/05\/paper-3033204_1280-1024x576.jpg 1024w, https:\/\/minispousses.fr\/wp-content\/uploads\/2021\/05\/paper-3033204_1280-300x169.jpg 300w, https:\/\/minispousses.fr\/wp-content\/uploads\/2021\/05\/paper-3033204_1280-768x432.jpg 768w, https:\/\/minispousses.fr\/wp-content\/uploads\/2021\/05\/paper-3033204_1280.jpg 1280w\" sizes=\"auto, (max-width: 1024px) 100vw, 1024px\" \/><\/figure>\n","protected":false},"excerpt":{"rendered":"<p>Pour vous pr\u00e9-inscrire : Vous pouvez t\u00e9l\u00e9charger ci-dessous le formulaire de pr\u00e9-inscription, le compl\u00e9ter et le renvoyer par mail \u00e0 contact@minispousses.fr . D\u00e8s r\u00e9ception du document complet votre demande d&rsquo;accueil sera inscrite sur liste d&rsquo;attente.<\/p>\n","protected":false},"author":1,"featured_media":43,"parent":0,"menu_order":0,"comment_status":"closed","ping_status":"closed","template":"","meta":{"footnotes":""},"class_list":["post-102","page","type-page","status-publish","has-post-thumbnail","hentry"],"_links":{"self":[{"href":"https:\/\/minispousses.fr\/index.php\/wp-json\/wp\/v2\/pages\/102","targetHints":{"allow":["GET"]}}],"collection":[{"href":"https:\/\/minispousses.fr\/index.php\/wp-json\/wp\/v2\/pages"}],"about":[{"href":"https:\/\/minispousses.fr\/index.php\/wp-json\/wp\/v2\/types\/page"}],"author":[{"embeddable":true,"href":"https:\/\/minispousses.fr\/index.php\/wp-json\/wp\/v2\/users\/1"}],"replies":[{"embeddable":true,"href":"https:\/\/minispousses.fr\/index.php\/wp-json\/wp\/v2\/comments?post=102"}],"version-history":[{"count":34,"href":"https:\/\/minispousses.fr\/index.php\/wp-json\/wp\/v2\/pages\/102\/revisions"}],"predecessor-version":[{"id":522,"href":"https:\/\/minispousses.fr\/index.php\/wp-json\/wp\/v2\/pages\/102\/revisions\/522"}],"wp:featuredmedia":[{"embeddable":true,"href":"https:\/\/minispousses.fr\/index.php\/wp-json\/wp\/v2\/media\/43"}],"wp:attachment":[{"href":"https:\/\/minispousses.fr\/index.php\/wp-json\/wp\/v2\/media?parent=102"}],"curies":[{"name":"wp","href":"https:\/\/api.w.org\/{rel}","templated":true}]}}